base 4, what is -12 - -2000113121?
2000113103
In base 12, what is -71 + -1168b?
-11740
In base 2, what is 11110100 - 111110001011110010?
-111110000111111110
In base 5, what is -243003 - -111011?
-131442
In base 2, what is -110 - -101101001111100011010111?
101101001111100011010001
In base 11, what is -3a1 - 1057758?
-1058049
In base 5, what is 4 - -103211314040?
103211314044
In base 11, what is 330812 + 2a8?
33100a
In base 3, what is 1100111 + 21101000?
22201111
In base 11, what is -4 - 17533959?
-17533962
In base 15, what is 15a86 - -2?
15a88
In base 3, what is 11211210 - -2001002?
20212212
In base 4, what is -2222102 + -11033?
-2233201
In base 12, what is 5 + 108877a3a?
108877a43
In base 11, what is -727 - 14847?
-15473
In base 8, what is -2 - -123042334?
123042332
In base 16, what is 0 - -280c13a?
280c13a
In base 13, what is -6b + 1202a6?
120238
In base 2, what is -1001000 + 10101101111100110100110?
10101101111100101011110
In base 12, what is -1205 + 96a5b?
95856
In base 3, what is -22212 + 22122020001?
22121220012
In base 16, what is 94d1e - -55?
94d73
In base 12, what is 2 - -8a832?
8a834
In base 15, what is -e97 + 4744b?
464a4
In base 4, what is -200231221020 + 120?
-200231220300
In base 10, what is -28974936 - -5?
-28974931
In base 10, what is 940740 + -6?
940734
In base 13, what is 1c1 - -13427?
13618
In base 12, what is -1414a + -71?
-141bb
In base 4, what is -2330 + -13032111210?
-13032120200
In base 3, what is -211 - 1001121110010212?
-1001121110011200
In base 15, what is 109c57d7 + -5?
109c57d2
In base 6, what is 150411153 + 22?
150411215
In base 16, what is -10 + ad5?
ac5
In base 2, what is -11100101101010 - -1010110001001110?
111001011100100
In base 9, what is 2312765 - -4?
2312770
In base 8, what is 32245 - -101?
32346
In base 2, what is -111111001111010010000011 - 11?
-111111001111010010000110
In base 5, what is -2301441301 - -10?
-2301441241
In base 14, what is 11b1 - -3b213?
3c3c4
In base 13, what is -3 - -40001a0?
400019a
In base 3, what is 2101100101211020 - -12?
2101100101211102
In base 10, what is 54133711 - -2?
54133713
In base 7, what is -5260 + -22434?
-31024
In base 2, what is -10001011111110001001 - 1110111000?
-10001100001101000001
In base 11, what is -4993a148 + 12?
-4993a136
In base 2, what is -10110 - 11101001111010101101?
-11101001111011000011
In base 14, what is b51 + -3d9?
756
In base 9, what is 1 + 13020355?
13020356
In base 11, what is -246581a7 + -19?
-24658215
In base 12, what is 209 - -3ab817?
3aba24
In base 16, what is 450c33 + 5?
450c38
In base 14, what is 52b - -11dad1?
12021c
In base 11, what is 2577 - 559a3?
-53427
In base 3, what is -2222012202010 + 1012?
-2222012200221
In base 14, what is 117000 + 578?
117578
In base 7, what is -415 + 6150423?
6150005
In base 10, what is 11 + -419773?
-419762
In base 6, what is 0 + 34503135?
34503135
In base 2, what is 0 - 1100110010110011011111?
-1100110010110011011111
In base 3, what is -200 - -2211000002021?
2211000001121
In base 8, what is -3 - 545116431?
-545116434
In base 7, what is 4 + -1063601161?
-1063601154
In base 10, what is -72 + -20848?
-20920
In base 2, what is -100011 - -11110110001111110?
11110110001011011
In base 4, what is 1120000100003 - -1?
1120000100010
In base 9, what is -110 - -61616?
61506
In base 11, what is 1 + 294097?
294098
In base 12, what is 60b515 - 13a?
60b397
In base 16, what is 4e5066b - 4?
4e50667
In base 16, what is -1 + -1d1e09?
-1d1e0a
In base 15, what is -9 + -149303?
-14930c
In base 12, what is 33 - 1347894?
-1347861
In base 13, what is 749b27c + -1?
749b27b
In base 2, what is 100000 + -1001011010010110?
-1001011001110110
In base 16, what is 6a7cc0b - 3?
6a7cc08
In base 4, what is -11132200211 - 31?
-11132200302
In base 16, what is 8 - -d32d87?
d32d8f
In base 12, what is 3 + 19b6535?
19b6538
In base 11, what is -51 - -39809?
39768
In base 13, what is 4 + 412186?
41218a
In base 16, what is -3 - 4840910?
-4840913
In base 15, what is -17ead + 114?
-17d99
In base 3, what is 2212 + -22010020102111?
-22010020022122
In base 7, what is 1240613264 - 4?
1240613260
In base 11, what is 52602 + 484?
52a86
In base 11, what is 5 + 121402944?
121402949
In base 14, what is 5 + 1040991?
1040996
In base 2, what is 1101001001011001 - 10000110100?
1100111000100101
In base 5, what is 1440300344 + 2?
1440300401
In base 13, what is 33512c19 - 5?
33512c14
In base 4, what is -11 - -1110103202111?
1110103202100
In base 4, what is 121021113 - 10121?
121010332
In base 12, what is -2154 - a5b24?
-a8078
In base 13, what is -384068 - -158?
-383c10
In base 6, what is 25130 + 35431?
105001
In base 9, what is -7 - 13573678?
-13573686
In base 6, what is 55533 + -14413?
41120
In base 14, what is -1c68b - 15d?
-1c80a
In base 8, what is 232 + 301444?
301676
In base 4, what is -2233133 + 2?
-2233131
In base 5, what is 1010124000 - 1400?
1010122100
In base 13, what is 1c43 + -1938a?
-17447
In base 12, what is 4 + 13441806?
1344180a
In base 7, what is 22504 - -355250?
411054
In base 4, what is -1001331 - 223222?
-1231213
In base 10, what is 14024 + 463?
14487
In base 6, what is 20 - 32555231?
-32555211
In base 8, what is -3 + -36745642?
-36745645
In base 6, what is 41230302 + -15?
41230243
In base 8, what is -27077 + -1431?
-30530
In base 8, what is -407105 - 112?
-407217
In base 6, what is -12052030354 - 4?
-12052030402
In base 4, what is -11013113 - -13330?
-10333123
In base 5, what is 3340323122 + -1003?
3340322114
In base 9, what is 17830 - -12622?
31552
In base 3, what is -202200 + 212101101100?
212100121200
In base 12, what is 1b33 + -17644?
-15711
In base 13, what is 0 + 6866a9?
6866a9
In base 7, what is 5322 + 2420546?
2426201
In base 6, what is 33 + -5334425?
-5334352
In base 10, what is -13492 + 70147?
56655
In base 6, what is 5313133515 - -1?
5313133520
In base 10, what is 4153 + 98443?
102596
In base 7, what is 3 - -4635020?
4635023
In base 11, what is 744204 + 72?
744276
In base 15, what is -106b - 34d4?
-4550
In base 7, what is -112 - -66044?
65632
In base 8, what is 1310161 + -5?
1310154
In base 3, what is -1111211 - 1010212?
-2122200
In base 10, what is -8 - -6074842?
6074834
In base 16, what is 91b5de7 - -5?
91b5dec
In base 11, what is 0 - 4458a26?
-4458a26
In base 9, what is -76 - 17387321?
-17387407
In base 4, what is 212 - -130021102321?
130021103133
In base 10, what is 2 + 37981947?
37981949
In base 13, what is -b994808 + 3?
-b994805
In base 4, what is 120313 + -20000223?
-13213310
In base 6, what is 5 + -155320002?
-155315553
In base 12, what is 13308a3 - -6?
13308a9
In base 7, what is 2642412 + 1043?
2643455
In base 2, what is -110000111110000010 + -1100010000?
-110001001010010010
In base 10, what is -2956 - 848?
-3804
In base 8, what is 35 - -5020351?
5020406
In base 6, what is 40413353 + -31?
40413322
In base 14, what is 195143 + -50?
1950d3
In base 3, what is 11011112 - -1110112020?
1121200202
In base 4, what is -1021220 - 2130101?
-3211321
In base 13, what is 1539c + 4a?
15419
In base 5, what is 1440422 - -424?
1441401
In base 3, what is 110011 - -1000212100000?
1000212210011
In base 16, what is -57712 + -17?
-57729
In base 15, what is -2a + 76219e?
762174
In base 13, what is 581 + 2343c4?
234975
In base 8, what is 5 + 213454?
213461
In base 10, what is 584257 - -27?
584284
In base 14, what is 2644 - 507?
213b
In base 8, what is 17 + 121400304?
121400323
In base 7, what is -66 + 1025431?
1025332
In base 10, what is 17524 + -206?
17318
In base 9, what is -16 + 12160375?
12160358
In base 4, what is -10 + 20302231222?
20302231212
In base 11, what is -4 - -32a4624a?
32a46246
In base 14, what is 1d5798 + 2?
1d579a
In base 10, what is 380 + 54259?
54639
In base 16, what is -48621 + d00?
-47921
In base 15, what is a9da67 - -1c?
a9da84
In base 6, what is 203355 + 1325?
205124
In base 16, what is 299bf4a + -1?
299bf49
In base 12, what is 12 + -667076?
-667064
In base 3, what is -12211111201 + 12010210?
-12122100221
In base 11, what is -709647 - 4?
-709650
In base 8, what is 10644300 - -6?
10644306
In base 10, what is -27 + -133632?
-133659
In base 14, what is -611db + 26?
-611b5
In base 14, what is 28105bc + 0?
28105bc
In base 8, what is 5026650 - -37?
5026707
In base 11, what is -90354 + -5a4?
-90948
In base 5, what is -22210332411 + 13?
-2221